*z**3 - 4*z**2 + 24*z + 152. Let r be t(-7). What is the greatest common factor of 320 and r?
40
Suppose 5*v = 4*m + 1692, 4*v + 0*m - m = 1347. Let a = v - -275. Calculate the greatest common factor of 47 and a.
47
Let o be (-30 - -28)*(-26307)/6. Calculate the highest common factor of 111 and o.
111
Suppose 10*u = 15*u - 640. Let x = u + -71. Let t = x + -52. Calculate the highest common divisor of t and 35.
5
Suppose 2*h + x - 619 - 71 = 0, -2*h + 4*x + 660 = 0. Calculate the greatest common divisor of 570 and h.
114
Suppose -l + v + 18 = 0, 5*v + 0*v + 58 = 3*l. Suppose 20*r - 24*r + 380 = 0. Let h be 17/102 - r/(-6). What is the greatest common divisor of l and h?
16
Let a(i) = i**2 - 3845*i - 23094. Let j be a(-6). Let s be (3*-2)/(2/(-124)). What is the highest common divisor of s and j?
12
Let d be (0/(-1))/(-2 - -1). Suppose -o + 0*o - 2 = d. Let j be o/((42/(-9))/7). Calculate the greatest common factor of 24 and j.
3
Let a = 1087 - -565. What is the highest common divisor of 2596 and a?
236
Let z = 3098 + -2570. Calculate the highest common divisor of z and 99.
33
Let y be (-7)/(4/(-154)*(-2)/4). Let d = -525 - y. Suppose 4*z - 4*m - 56 = 0, -56 = -2*z - 2*z - 5*m. What is the greatest common divisor of z and d?
14
Let x = -267 + 288. Suppose -g - 15 = -6*g. Calculate the highest common divisor of g and x.
3
Let p(o) = -2*o**2 - 93*o - 846. Let m be p(-27). What is the highest common factor of 4255 and m?
23
Let l be (-8)/(-36) + 2176/(-72). Let g be (252/60)/((-3)/l). Calculate the highest common factor of 147 and g.
21
Suppose 3*g - g = -88. Let w = -20 - g. Let i(c) = -99*c + 2172. Let a be i(20). Calculate the highest common factor of a and w.
24
Let p = 16748 - 16633. Calculate the highest common factor of 80 and p.
5
Suppose l = 2*l - 8. Let i(r) = -49*r + 1426. Let z be i(26). What is the greatest common divisor of l and z?
8
Let b be 14300 + -3 + 27 - 15. What is the highest common factor of b and 41?
41
Suppose 4962 = 4*z + 2002. Suppose z = 6*c + 140. What is the highest common divisor of c and 60?
20
Let h = -2889 + 3063. Let z = 27 + -21. Calculate the highest common factor of z and h.
6
Suppose -53*k + 2525 - 776 = 0. Calculate the highest common divisor of k and 121.
11
Let u = -74 - -72. Let h be u/(-6)*(18/(-2) + 126). Calculate the greatest common factor of 3 and h.
3
Suppose 4*d - d - 7 = -x, -11 = -4*x + 5*d. Suppose -7*i + x*i = -300. Suppose 0 = -z + 37 + 3. What is the highest common factor of i and z?
20
Suppose -8 = -4*h, 2*v - 191 = -3*v + 2*h. Let p = 218 - 101. What is the highest common divisor of p and v?
39
Let n be 305*((-108)/405)/(4/(-18)). Suppose 0 = -4*x - n + 1458. What is the greatest common divisor of x and 26?
13
Let v(y) = -2*y**3 - 13*y**2 - 12*y - 21. Let m be v(-9). Suppose -5*b = t - m, -3*b + 4*t + 309 = -0*b. Calculate the greatest common factor of 11 and b.
11
Suppose -116*u + 118*u = 1024. Suppose 224 = -6*h + u. What is the highest common divisor of h and 24?
24
Let m(j) = j + 18. Suppose -4*s = -17 - 3. Suppose -f - 2*f - 27 = 5*b, -s*b = 4*f + 31. Let p be m(f). What is the highest common divisor of p and 42?
14
Let u be 3*11 + 2 + (-11 - -4). Suppose 3901 + 9091 = 29*m. Calculate the highest common divisor of m and u.
28
Let u(f) = -11*f**3 + f**2 + f - 2. Let q be u(-2). Let g be (-3)/((-15)/(-5)*1). Let w be g/(-4) - 43*1/(-4). What is the greatest common factor of w and q?
11
Let b = 117 - -2394. Calculate the highest common factor of 31 and b.
31
Suppose 0 = 3*u + 5*x - 132, -5*u + 4*x = 7*x - 220. Let h be (7 - (-66)/(-12))/(2/u). What is the highest common factor of 132 and h?
33
Suppose 0 = -8*a + 10*a + 198. Let o = a + 113. Suppose o*s = s + 3211. What is the highest common divisor of 19 and s?
19
Suppose 4*b - 764 = -4*f, 5*f - 3*b = 1407 - 396. What is the greatest common factor of f and 121?
11
Let b(z) = 28*z + 732. Let j be b(-23). What is the greatest common factor of 1078 and j?
22
Let v(r) = -4 - 2 + 10*r + 15*r**2 + 1 + 2*r**3 + 2. Let b be v(-7). Let h = -3 - b. What is the highest common divisor of h and 105?
21
Suppose 3*b + 2*j - 104 = 0, 9*j = b + 14*j - 26. What is the highest common factor of 852 and b?
12
Let t = 7424 - 5472. What is the greatest common factor of t and 610?
122
Suppose 11*k = 19*k - 7*k - 405. Calculate the highest common factor of 855 and k.
45
Let o = -198 - -200. What is the greatest common factor of 2774 and o?
2
Let h = 2311 + -2308. Let t(g) = -5*g + g**3 + 6 - 1 - 4*g**2 + 0 + 6*g. Let r be t(4). What is the greatest common factor of h and r?
3
Suppose k - 2716 = -3*d, 2*k = -84*d + 79*d + 4529. Calculate the greatest common factor of d and 172.
43
Let j = -185 + 195. Suppose -28 = b + 13. Let z = 45 + b. What is the highest common divisor of j and z?
2
Let y = -2109 - -2134. Calculate the greatest common divisor of 14225 and y.
25
Let j be (-216)/(-45)*(-2 - (-14295)/10). Suppose 16*h = -j + 18612. Calculate the highest common divisor of h and 30.
15
Suppose 56*r = 58*r + 3*k - 3155, 0 = r + 2*k - 1579. What is the highest common divisor of r and 78?
13
Let a = 2907 + -1785. Calculate the greatest common divisor of 306 and a.
102
Suppose 114*z - 112*z - 8 = 0. Suppose 19*u - 281 = z. What is the highest common divisor of u and 15?
15
Let a(z) be the first derivative of 16 - 1/4*z**4 + 17/3*z**3 + 0*z**2 + 12*z. Let o be a(17). Calculate the highest common factor of o and 2.
2
Suppose 64*q = 95*q - 31. Calculate the greatest common factor of q and 613.
1
Suppose 12*m + 77*m - 102337 + 11112 = 0. What is the highest common factor of m and 200?
25
Suppose -3*j = -6, -10*v - 76 = -12*v + 2*j. Calculate the greatest common divisor of 116 and v.
4
Let n(u) = 0*u - u + 42*u**2 - 5*u**2. Let s be n(1). Suppose 0 = -654*t + 655*t + 2*c - 35, -7*t = -5*c + 2. Calculate the highest common factor of t and s.
9
Let z(k) = -2*k**3 - k**2 - k - 3. Let r be z(-3). Let y be 23/5 + r/(-75). Let i be -3*y/24*-18. Calculate the highest common divisor of 9 and i.
9
Let m(s) = -6*s**2 - 11*s + 22. Let z be m(-6). Let r = 171 + z. What is the highest common divisor of 301 and r?
43
Let v be (-388)/(-5) + 15/(-25). Suppose -5*d + 53 + v = 0. Suppose d*k - 34 = 24*k. What is the highest common divisor of k and 34?
17
Let n be (-4)/22 - (-831)/33. Let h be 10/n*-5 - (0 + -236). What is the greatest common factor of h and 18?
18
Suppose 47*c + 2*c + 245 = 0. Let p be c/1 - (6 - 6 - 105). Calculate the greatest common divisor of 4 and p.
4
Let w = -121 - -120. Let f be w*0/(7 - 5). Suppose -3*m = -f*m - 54. What is the highest common factor of 288 and m?
18
Let r = -4263 + 4279. What is the highest common factor of r and 1576?
8
Let o(k) = -k**2 - 9*k + 1100. Let v be o(-33). Calculate the greatest common divisor of v and 17402.
154
Let l = -237 + 232. Let i be (20/(-35) - 162/(-14)) + l. Suppose -2*j + j + 7 = 2*v, 5 = -2*v + 3*j. What is the greatest common divisor of i and v?
2
Let x be 24 + 6 + 3 + -3. Suppose -7*z + x = 2. Suppose 4*d = -20, z*s = s - d + 4. Calculate the highest common factor of s and 6.
3
Let k = -105 + 129. Let a be 1 - (-2)/((-4)/(-82)). What is the highest common divisor of k and a?
6
Let q = 450 - 268. Let g = q - 172. What is the greatest common divisor of 80 and g?
10
Suppose -4*b = -3*m - 1453, -7*m = -12*m - 3*b - 2412. Let w be 2/(-11)*m + (-6)/(-33). What is the greatest common divisor of w and 220?
44
Let u be (-60)/9*(-24)/(-5). Let p = u - -61. Let t(h) = -h**2 - 31*h + 19. Let l be t(-8). What is the greatest common divisor of l and p?
29
Suppose 4*m - 21 = 31. Let y(w) be the first derivative of w**3/3 + 7*w**2 + 13*w - 29. Let a be y(-14). Calculate the greatest common factor of a and m.
13
Let y = 2326 - -4780. Calculate the highest common divisor of y and 114.
38
Let s(h) = -3*h - 33. Let i be s(-7). Let r be (i/45*-5)/(2/174). Calculate the highest common factor of r and 29.
29
Let i = 6282 - 4714. Calculate the greatest common factor of 896 and i.
224
Let b be 40/(-6)*(1316/(-35) + 4). Let o = b - 169. Let w be (66/15)/(4/20). Calculate the highest common factor of o and w.
11
Suppose -46*j + 41*j + 4*f + 825 = 0, -4*f + 624 = 4*j. What is the highest common factor of 23 and j?
23
Let k(z) = 3*z**3 + 137*z**2 